 of k.
313
Let s(u) = 2*u**2 - 12*u - 505. What are the prime factors of s(-26)?
19, 61
Suppose -6*b + 2186 = 1592. List the prime factors of b.
3, 11
Suppose 4*s - 3*a - 689 = 0, -9*s + 4*a + 684 = -5*s. List the prime factors of s.
2, 11
Suppose -18*x = -11*x - 427. What are the prime factors of x?
61
Suppose 3*j = -2*l + 861, -4*l - 837 + 2562 = 5*j. What are the prime factors of l?
3, 5, 29
Let u(g) = 4*g - 18. Let h be u(18). Let l = 12 + h. What are the prime factors of l?
2, 3, 11
Let g(f) = -f**2 + 14*f - 13. Let v be g(13). Suppose -y - 2*s + 27 = 0, 0 = 3*y - 3*s - v*s - 54. Suppose y + 66 = 3*x. List the prime factors of x.
29
Let c(i) = i**2 - 9*i + 12. Let p be c(9). Suppose p - 32 = t. List the prime factors of (t/(-15))/(4/6).
2
Suppose 2*g - 1 - 5 = 0. Suppose 43 = k - g*r, 0*r - 2*r + 8 = 0. What are the prime factors of k?
5, 11
Let t(k) = 23*k**2 + 33*k + 44. Let i(s) = 6*s**2 + 8*s + 11. Let m(b) = 9*i(b) - 2*t(b). List the prime factors of m(5).
241
Suppose -5*b + 3167 = 3*g, 2*b = 3*b + 3*g - 643. What are the prime factors of b?
631
Let l = -7 - -4. Suppose -3*j = 5*m + 16 - 1, -10 = -2*j. What are the prime factors of ((-2)/l)/(m/(-567))?
3, 7
Suppose 4*w + 0*i = -i + 139, i + 106 = 3*w. What are the prime factors of w?
5, 7
Let q be -3*(-2)/12*-24. Let v = -10 - q. What are the prime factors of ((-2 - -1) + 35)/v?
17
Suppose -2*y + 84 = r, 4*r - 3*y - y = 336. Suppose r = m - 184. List the prime factors of m.
2, 67
Let i(p) = p + 11. Suppose 3*h - 5 = 2*t - 38, 0 = -2*h - 2*t - 22. Let q be i(h). Suppose w - 45 = -4*k - q*w, -5*k + 2*w = -40. List the prime factors of k.
2, 5
Let h(o) = 4*o + 4. Let d be h(-2). Let m = 28 + d. Let x = -14 + m. List the prime factors of x.
2, 5
Suppose -4*k - 5*x + 76 = 200, 4*x = 5*k + 155. Let z = k + 179. List the prime factors of z.
2, 37
Suppose 20*m = 13*m + 1113. What are the prime factors of m?
3, 53
Let r = 2067 - 919. What are the prime factors of r?
2, 7, 41
Suppose 0 = -2*p - 0*p - 8. Let a be -7 - (p - -4 - -1). Let u(r) = -r**3 - 8*r**2 - 2*r - 5. List the prime factors of u(a).
11
Suppose 0 = u - 22 - 5. Let m(a) = 5*a - 39. List the prime factors of m(u).
2, 3
Suppose c = -c - 10, q - 2*c = 14. Suppose 0 = 3*j + q*z - 295, 4*j - 220 - 180 = -2*z. What are the prime factors of j?
101
Suppose 2*r - 672 = -8*m + 5*m, 2*r = 0. List the prime factors of m.
2, 7
Let a(o) = -o**3 - 2*o**2 - o - 2. Let y be a(-2). Suppose y = 3*p - 6. What are the prime factors of (-5 - -7)/(p/7)?
7
Let b be (4 - (-4 + 5)) + 1. List the prime factors of (b - 3) + (-26)/(-2).
2, 7
Suppose -2*a - 2*h - 2*h = -14, h = 5*a - 35. Suppose g = -a + 1. What are the prime factors of 3/9 + (-232)/g?
3, 13
Let o = -74 + 80. Suppose 3*s + 0*s = 4*q + 425, -3*q = o. List the prime factors of s.
139
Let b(f) = f. Let h be b(-6). Let o(z) = z**3 + 5*z**2 - 6*z - 5. Let n be o(h). Let g(r) = -r**3 - 2*r**2 + 6*r - 3. What are the prime factors of g(n)?
2, 3, 7
Suppose 4*u - 2*u = 0. Suppose 0*g - 5*t + 14 = g, -3*g + 5*t + 42 = u. What are the prime factors of g?
2, 7
Let z(p) = 2*p - 2. Let g be z(3). Suppose -g*u + n + n + 582 = 0, 4*n = 5*u - 720. List the prime factors of u.
2, 37
Let i(u) = 3*u**2 + 24*u - 12. Let n be i(-9). Suppose 3*h - n*h + 1848 = 0. What are the prime factors of h?
2, 7, 11
Let h be 868 + 5/15*0. Suppose 5*f - h = -2*f. List the prime factors of f.
2, 31
Let z(f) = -f - 9. Let m be z(-9). Suppose m*k = 2*k - 138. Suppose -63 = -4*y + k. List the prime factors of y.
3, 11
Suppose 4*x + 11*x - 3225 = 0. What are the prime factors of x?
5, 43
Suppose -3*i = -3*z - 6, -4 = i - 2*z - 3. Suppose 0 = -3*k + 3*q + 3, -k - i*q - 5 = -2*k. Suppose 3*x - 156 + 6 = k. List the prime factors of x.
2, 5
Suppose -4*j + 161 = -t, 166 = 4*j - 3*t + t. Let z = j + -26. What are the prime factors of z?
13
Let s be (-8)/44 + 4/22. Suppose -2*k + c + 357 = s, 5 = 4*c - 3*c. What are the prime factors of k?
181
Suppose 1 = o + i, 3*o - 5*i + 5 = 4*o. Let b(z) = -5*z**2 - z + 76. What are the prime factors of b(o)?
2, 19
Let h(u) = 72*u**2 + 10*u - 38. What are the prime factors of h(-8)?
2, 5, 449
Let n = -35 + 45. Suppose -9*j = -n*j + 37. What are the prime factors of j?
37
Suppose 5*p - p - 140 = -2*q, 2*p - 70 = -3*q. List the prime factors of p.
5, 7
Suppose 890 = 9*r - 4*r. Suppose 0 = 4*p - r + 42. List the prime factors of p.
2, 17
Suppose -59*x + 340 = -64*x. What are the prime factors of 0 + (1 - (x + 4))?
5, 13
Let w = -8 - -12. Suppose -w = -b - b. Suppose u = -b*u + 48. List the prime factors of u.
2
Let i(k) be the second derivative of k**5/20 + 2*k**4/3 + 2*k**3/3 - 6*k**2 - 26*k. List the prime factors of i(-5).
43
Let c(s) = 2*s**2 + 7*s + 8. Let r(h) = 3*h**2 + 11*h + 4. Let i be r(-4). What are the prime factors of c(i)?
2, 3
Suppose b = -s + 5, s - 5*s = 3*b - 14. Let t(f) = -f**2 + 5*f. Let v be t(b). Let o(z) = z**3 + 7*z**2 + 4*z + 9. What are the prime factors of o(v)?
3, 7
Let w(a) = -a**2 - 8*a + 18. Let h be w(-8). Suppose 13*f - h*f = -130. What are the prime factors of f?
2, 13
Let p = 8 - 20. List the prime factors of 7*p*6/(-8).
3, 7
Let f = 8 - 9. List the prime factors of (f + -2)*(-18 + 0).
2, 3
Suppose 2*q + 4*d - 24 = 0, -3*q - q + 38 = 3*d. Let g = q + -6. Suppose o = -g, -2*j + 2*o + 0*o + 32 = 0. List the prime factors of j.
2, 7
Let b(d) = -d + 1. Let t be b(6). What are the prime factors of 129 + t/(10/2)?
2
Let l(x) = -11*x**3 + 5*x**2 + 5*x + 3. List the prime factors of l(-2).
101
Suppose -33*a = -56360 - 46600. List the prime factors of a.
2, 3, 5, 13
What are the prime factors of (-21)/(-2)*(-20)/(-6)?
5, 7
Let n(o) = 61*o**2 + 13*o - 31. List the prime factors of n(6).
2243
Let h(z) = -667*z - 10. List the prime factors of h(-3).
11, 181
Let o = -8 - -10. Suppose 0 = -n - 3*z + 15, 2*z = 3*n + o - 14. What are the prime factors of n?
2, 3
Let i(s) be the second derivative of -s**4/12 - 2*s**3/3 - 6*s. Let c be i(-5). Let w(t) = t**3 + 6*t**2 - 7*t + 2. List the prime factors of w(c).
2, 31
Let t = 22 + -23. Let q be t/(2/(-156)*3). Suppose w - q = -0*w. What are the prime factors of w?
2, 13
Suppose 4*p = -2*j + 5*j + 1423, 4*j + 1420 = 4*p. What are the prime factors of p?
2, 179
Let c = 2321 + -1461. List the prime factors of c.
2, 5, 43
Suppose -5*k - 405 = -1315. What are the prime factors of k?
2, 7, 13
Let g(z) = 776*z + 25. Let y(d) = 194*d + 6. Let l(x) = -2*g(x) + 9*y(x). What are the prime factors of l(1)?
2, 3, 11
Let z = -33 + 27. Let v = -6 - z. List the prime factors of 4*(v - 68/(-8)).
2, 17
Suppose -2*z + 0*b = -3*b + 11, 4*b - 6 = 2*z. Let k = z + 31. What are the prime factors of k?
2, 3
What are the prime factors of -1*6/8 + 827658/1048?
3, 263
Suppose 0 = -766*q + 757*q + 1458. List the prime factors of q.
2, 3
Let b be (-4)/(-22) - (-436)/22. Let j = 8 + -4. Let n = j + b. What are the prime factors of n?
2, 3
Let b(x) be the first derivative of -x**2/2 + x - 6. Let m be b(-4). Suppose -6*z + z = 2*r - 35, 0 = -m*z + 25. What are the prime factors of r?
5
Suppose 2*l + 464 = 6*l. Suppose 9*z + 3*y - 169 = 4*z, 4*z = 4*y + l. Suppose x + 3*n = z, 39 + 100 = 4*x + n. What are the prime factors of x?
5, 7
Suppose -112 = -2*x - 2*a, 2*x + 2*x - 194 = 2*a. What are the prime factors of 5/(5/x) - (1 - 4)?
2, 3
Let t be -6*((-15)/(-2))/(-1). Suppose -4*w + w + t = -j, 50 = 4*w + 2*j. List the prime factors of w.
2, 7
Let p(b) = -b**2 - 26*b + 13. Let r be p(-19). Suppose 0 - 6 = 3*n, -2*d - 2*n - r = 0. Let x = 130 + d. List the prime factors of x.
59
Let q = 18 + -8. Suppose 7 = i - q. List the prime factors of i.
17
Let y(v) = -v**3 + 5*v**2 - 4*v + 2. Suppose 3*d - 3 = -b, 3*d = -0*b - 3*b - 3. Let w be y(d). Let k = 6 + w. What are the prime factors of k?
2, 3
Let u(q) = -q**3 - 50*q**2 + 89*q - 85. What are the prime factors of u(-53)?
5, 29
Let n be ((-26)/7 - -4) + (-27388)/14. List the prime factors of n/(-18)*(2 - (-3)/(-6)).
163
Let k(x) = -x**2 + 7*x - 10. Let a be k(11). List the prime factors of ((-18)/a)/(1/438).
2, 73
Suppose -w - 37 = -4*v - 4*w, -49 = -5*v - w. Suppose -3*d + 2 + 4 = 3*y, 0 = -3*d + y + v. List the prime factors of -3 - (-17 + d - -3).
2
Suppose 1085 = 5*i - 170. Let l = i - 166. List the prime factors of l